{"id":57,"date":"2025-08-12T10:09:05","date_gmt":"2025-08-12T10:09:05","guid":{"rendered":"http:\/\/www.lauriesabrinaburgio.fr\/?page_id=57"},"modified":"2025-11-11T14:59:17","modified_gmt":"2025-11-11T14:59:17","slug":"contact","status":"publish","type":"page","link":"https:\/\/www.lauriesabrinaburgio.fr\/index.php\/contact\/","title":{"rendered":"Contact"},"content":{"rendered":"\n\n\t<section class=\"section dark\" id=\"section_781683545\">\n\t\t<div class=\"section-bg fill\" >\n\t\t\t<img loading=\"lazy\" decoding=\"async\" width=\"1536\" height=\"1024\" src=\"https:\/\/www.lauriesabrinaburgio.fr\/wp-content\/uploads\/2025\/09\/image4.png\" class=\"bg attachment- size-\" alt=\"\" \/>\t\t\t\t\t\t<div class=\"section-bg-overlay absolute fill\"><\/div>\n\t\t\t\n\n\t\t<\/div>\n\n\t\t\n\n\t\t<div class=\"section-content relative\">\n\t\t\t\n\n<div class=\"row\"  id=\"row-84270276\">\n\n\n\t<div id=\"col-1568567205\" class=\"col small-12 large-12\"  >\n\t\t\t\t<div class=\"col-inner text-center\"  >\n\t\t\t\n\t\t\t\n\n<h1 style=\"font-size: 200%;\"><strong>CONTACT<\/strong><\/h1>\n\n\t\t<\/div>\n\t\t\t\t\n<style>\n#col-1568567205 > .col-inner {\n  padding: 20px 0px 0px 0px;\n}\n<\/style>\n\t<\/div>\n\n\t\n\n<\/div>\n\n\t\t<\/div>\n\n\t\t\n<style>\n#section_781683545 {\n  padding-top: 140px;\n  padding-bottom: 140px;\n  background-color: rgb(40, 40, 40);\n}\n#section_781683545 .section-bg-overlay {\n  background-color: rgba(0, 0, 0, 0.3);\n}\n#section_781683545 .section-bg img {\n  object-position: 48% 50%;\n}\n<\/style>\n\t<\/section>\n\t\n\n\t<section class=\"section\" id=\"section_736805936\">\n\t\t<div class=\"section-bg fill\" >\n\t\t\t\t\t\t\t\t\t\n\t\t\t\n\n\t\t<\/div>\n\n\t\t\n\n\t\t<div class=\"section-content relative\">\n\t\t\t\n\n<div class=\"row\"  id=\"row-2083464503\">\n\n\n\t<div id=\"col-1879016605\" class=\"col small-12 large-12\"  >\n\t\t\t\t<div class=\"col-inner\"  >\n\t\t\t\n\t\t\t\n\n<div class=\"row align-equal\"  id=\"row-975471258\">\n\n\n\t<div id=\"col-760277171\" class=\"col medium-6 small-12 large-6\"  >\n\t\t\t\t<div class=\"col-inner text-center\"  >\n\t\t\t\n\t\t\t\n\n\n\t\t<div class=\"icon-box featured-box icon-box-center text-center\"  >\n\t\t\t\t\t<div class=\"icon-box-img\" style=\"width: 60px\">\n\t\t\t\t<div class=\"icon\">\n\t\t\t\t\t<div class=\"icon-inner\" >\n\t\t\t\t\t\t<img loading=\"lazy\" decoding=\"async\" width=\"114\" height=\"115\" src=\"https:\/\/www.lauriesabrinaburgio.fr\/wp-content\/uploads\/2025\/08\/Plan-de-travail-6.png\" class=\"attachment-medium size-medium\" alt=\"\" srcset=\"https:\/\/www.lauriesabrinaburgio.fr\/wp-content\/uploads\/2025\/08\/Plan-de-travail-6.png 114w, https:\/\/www.lauriesabrinaburgio.fr\/wp-content\/uploads\/2025\/08\/Plan-de-travail-6-100x100.png 100w\" sizes=\"auto, (max-width: 114px) 100vw, 114px\" \/>\t\t\t\t\t<\/div>\n\t\t\t\t<\/div>\n\t\t\t<\/div>\n\t\t\t\t<div class=\"icon-box-text last-reset\">\n\t\t\t\t\t\t\t\t\t\n\n<h4>T\u00e9l\u00e9phone<\/h4>\n\t<div id=\"gap-671210945\" class=\"gap-element clearfix\" style=\"display:block; height:auto;\">\n\t\t\n<style>\n#gap-671210945 {\n  padding-top: 20px;\n}\n<\/style>\n\t<\/div>\n\t\n\n<a class=\"button secondary\" >\n\t\t<span>+33 7 72 26 72 21<\/span>\n\t<\/a>\n\n\n<p><strong>Sur rendez-vous uniquement.<\/strong><\/p>\n\n\t\t<\/div>\n\t<\/div>\n\t\n\t\n\n\t\t<\/div>\n\t\t\t\t\t<\/div>\n\n\t\n\n\t<div id=\"col-1424919555\" class=\"col medium-6 small-12 large-6\"  >\n\t\t\t\t<div class=\"col-inner text-center\"  >\n\t\t\t\n\t\t\t\n\n\n\t\t<div class=\"icon-box featured-box icon-box-center text-center\"  >\n\t\t\t\t\t<div class=\"icon-box-img\" style=\"width: 60px\">\n\t\t\t\t<div class=\"icon\">\n\t\t\t\t\t<div class=\"icon-inner\" >\n\t\t\t\t\t\t<img loading=\"lazy\" decoding=\"async\" width=\"114\" height=\"115\" src=\"https:\/\/www.lauriesabrinaburgio.fr\/wp-content\/uploads\/2025\/08\/Plan-de-travail-6-bleu.png\" class=\"attachment-medium size-medium\" alt=\"\" srcset=\"https:\/\/www.lauriesabrinaburgio.fr\/wp-content\/uploads\/2025\/08\/Plan-de-travail-6-bleu.png 114w, https:\/\/www.lauriesabrinaburgio.fr\/wp-content\/uploads\/2025\/08\/Plan-de-travail-6-bleu-100x100.png 100w\" sizes=\"auto, (max-width: 114px) 100vw, 114px\" \/>\t\t\t\t\t<\/div>\n\t\t\t\t<\/div>\n\t\t\t<\/div>\n\t\t\t\t<div class=\"icon-box-text last-reset\">\n\t\t\t\t\t\t\t\t\t\n\n<h4>Email<\/h4>\n\t<div id=\"gap-2081655144\" class=\"gap-element clearfix\" style=\"display:block; height:auto;\">\n\t\t\n<style>\n#gap-2081655144 {\n  padding-top: 20px;\n}\n<\/style>\n\t<\/div>\n\t\n\n\n\t\t<\/div>\n\t<\/div>\n\t\n\t\n<a class=\"button primary lowercase\" >\n\t\t<span>lauriesabrinaburgio@gmail.com<\/span>\n\t<\/a>\n\n\n\n\t\t<\/div>\n\t\t\t\t\t<\/div>\n\n\t\n\n\t<div id=\"col-2079093007\" class=\"col small-12 large-12\"  >\n\t\t\t\t<div class=\"col-inner text-center\" style=\"background-color:rgb(255,255,255);\" >\n\t\t\t\n\t\t\t\n\n<h3>Formulaire<\/h3>\n<div class=\"is-divider divider clearfix\" ><\/div>\n\n<div class=\"row align-center\"  id=\"row-918786740\">\n\n\n\t<div id=\"col-884252856\" class=\"col medium-11 small-12 large-9\"  >\n\t\t\t\t<div class=\"col-inner text-left\"  >\n\t\t\t\n\t\t\t\n\n\n<div class=\"wpcf7 no-js\" id=\"wpcf7-f10-o1\" lang=\"fr-FR\" dir=\"ltr\" data-wpcf7-id=\"10\">\n<div class=\"screen-reader-response\"><p role=\"status\" aria-live=\"polite\" aria-atomic=\"true\"><\/p> <ul><\/ul><\/div>\n<form action=\"\/index.php\/wp-json\/wp\/v2\/pages\/57#wpcf7-f10-o1\" method=\"post\" class=\"wpcf7-form init\" aria-label=\"Formulaire de contact\" novalidate=\"novalidate\" data-status=\"init\">\n<fieldset class=\"hidden-fields-container\"><input type=\"hidden\" name=\"_wpcf7\" value=\"10\" \/><input type=\"hidden\" name=\"_wpcf7_version\" value=\"6.1.4\" \/><input type=\"hidden\" name=\"_wpcf7_locale\" value=\"fr_FR\" \/><input type=\"hidden\" name=\"_wpcf7_unit_tag\" value=\"wpcf7-f10-o1\" \/><input type=\"hidden\" name=\"_wpcf7_container_post\" value=\"0\" \/><input type=\"hidden\" name=\"_wpcf7_posted_data_hash\" value=\"\" \/>\n<\/fieldset>\n<p><label> Votre nom<br \/>\n<span class=\"wpcf7-form-control-wrap\" data-name=\"your-name\"><input size=\"40\" maxlength=\"400\" class=\"wpcf7-form-control wpcf7-text wpcf7-validates-as-required\" autocomplete=\"name\" aria-required=\"true\" aria-invalid=\"false\" value=\"\" type=\"text\" name=\"your-name\" \/><\/span> <\/label>\n<\/p>\n<p><label> Votre email<br \/>\n<span class=\"wpcf7-form-control-wrap\" data-name=\"your-email\"><input size=\"40\" maxlength=\"400\" class=\"wpcf7-form-control wpcf7-email wpcf7-validates-as-required wpcf7-text wpcf7-validates-as-email\" autocomplete=\"email\" aria-required=\"true\" aria-invalid=\"false\" value=\"\" type=\"email\" name=\"your-email\" \/><\/span> <\/label>\n<\/p>\n<p><label> Objet<br \/>\n<span class=\"wpcf7-form-control-wrap\" data-name=\"your-subject\"><input size=\"40\" maxlength=\"400\" class=\"wpcf7-form-control wpcf7-text wpcf7-validates-as-required\" aria-required=\"true\" aria-invalid=\"false\" value=\"\" type=\"text\" name=\"your-subject\" \/><\/span> <\/label>\n<\/p>\n<p><label> Votre message (optional)<br \/>\n<span class=\"wpcf7-form-control-wrap\" data-name=\"your-message\"><textarea cols=\"40\" rows=\"10\" maxlength=\"2000\" class=\"wpcf7-form-control wpcf7-textarea\" aria-invalid=\"false\" name=\"your-message\"><\/textarea><\/span> <\/label>\n<\/p>\n<p><input class=\"wpcf7-form-control wpcf7-submit has-spinner\" type=\"submit\" value=\"Envoyer\" \/>\n<\/p><div class=\"wpcf7-response-output\" aria-hidden=\"true\"><\/div>\n<\/form>\n<\/div>\n\n\n\n\t\t<\/div>\n\t\t\t\t\t<\/div>\n\n\t\n\n<\/div>\n\n\t\t<\/div>\n\t\t\t\t\t<\/div>\n\n\t\n\n\t<div id=\"col-483689695\" class=\"col small-12 large-12\"  >\n\t\t\t\t<div class=\"col-inner text-left\"  >\n\t\t\t\n\t\t\t\n\n\n\t<script type=\"text\/javascript\">\n  jQuery( document ).ready(function() {\n    function initialize() {\n        var styles = {\n            'flatsome':  [{\n            \"featureType\": \"administrative\",\n            \"stylers\": [\n              { \"visibility\": \"on\" }\n            ]\n          },\n          {\n            \"featureType\": \"road\",\n            \"stylers\": [\n              { \"visibility\": \"on\" },\n              { \"hue\": \"\" }\n            ]\n          },\n          {\n            \"stylers\": [\n\t\t\t  { \"visibility\": \"on\" },\n\t\t\t  { \"hue\": \"\" },\n\t\t\t  { \"saturation\": -100 }\n            ]\n          }\n        ]};\n\n        var myLatlng = new google.maps.LatLng(43.524406433105, 5.232958316803);\n        var myOptions = {\n            zoom: 17,\n            center: myLatlng,\n            mapTypeId: google.maps.MapTypeId.ROADMAP,\n            disableDefaultUI: true,\n            mapTypeId: 'flatsome',\n            draggable: false,\n            zoomControl: true,\n            zoomControlOptions: {\n              position: google.maps.ControlPosition.TOP_LEFT\n            },\n      \t\t\tmapTypeControl: true,\n            mapTypeControlOptions: {\n              position: google.maps.ControlPosition.TOP_LEFT\n            },\n      \t\t\tstreetViewControl: true,\n            streetViewControlOptions: {\n              position: google.maps.ControlPosition.TOP_LEFT\n            },\n            scrollwheel: false,\n            disableDoubleClickZoom: true\n        }\n        var map = new google.maps.Map(document.getElementById(\"map-2714852774-inner\"), myOptions);\n        var styledMapType = new google.maps.StyledMapType(styles['flatsome'], {name: 'flatsome'});\n        map.mapTypes.set('flatsome', styledMapType);\n\n        var marker = new google.maps.Marker({\n            position: myLatlng,\n            map: map,\n            title:\"\"\n        });\n    }\n\n    \/\/ Required to proceed\n    if (!(typeof google === 'object' && typeof google.maps === 'object')) {\n      return\n    }\n\n    initialize()\n    google.maps.event.addDomListener(window, 'resize', initialize);\n    });\n    <\/script>\n\n    <div class=\"google-map relative mb\" id=\"map-2714852774\">\n        <div class=\"map-height\" id=\"map-2714852774-inner\"><\/div>\n        <div id=\"map_overlay_top\"><\/div>\n        <div id=\"map_overlay_bottom\"><\/div>\n                  <div class=\"map_inner map-inner last-reset absolute x100 md-x95 lg-x95 y100 md-y95 lg-y95\">\n              \n\n<h4>Adresse<\/h4>\n<p>1 chemin de la Fontaine de Laurent 13880 Velaux<\/p>\n<a href=\"https:\/\/www.google.fr\/maps\/place\/1+Chem.+de+la+Font+de+Laurent,+13880+Velaux\/@43.5216734,5.2310224,17z\/data=!3m1!4b1!4m6!3m5!1s0x12c9f003968d5d99:0x9f7951a8fd296b1c!8m2!3d43.5216695!4d5.2335973!16s%2Fg%2F11smnz3wzh?entry=ttu&#038;g_ep=EgoyMDI1MDgxMy4wIKXMDSoASAFQAw%3D%3D\" target=\"_blank\" class=\"button secondary is-small expand\" rel=\"noopener\" >\n\t\t<span>itin\u00e9raire<\/span>\n\t<i class=\"icon-map-pin-fill\" aria-hidden=\"true\"><\/i><\/a>\n\n\n\n         <\/div>\n       \n       \n<style>\n#map-2714852774 .map-inner {\n  background-color: #fff;\n  max-width: 100%;\n}\n#map-2714852774 .map-height {\n  height: 400px;\n}\n@media (min-width:550px) {\n  #map-2714852774 .map-inner {\n    max-width: 40%;\n  }\n}\n@media (min-width:850px) {\n  #map-2714852774 .map-inner {\n    max-width: 30%;\n  }\n}\n<\/style>\n    <\/div>\n\n\t\n\n\t\t<\/div>\n\t\t\t\t\t<\/div>\n\n\t\n\n\n<style>\n#row-975471258 > .col > .col-inner {\n  padding: 40px 40px 40px 40px;\n  background-color: rgb(255,255,255);\n}\n<\/style>\n<\/div>\n\n\t\t<\/div>\n\t\t\t\t\n<style>\n#col-1879016605 > .col-inner {\n  margin: -100px 0px 0px 0px;\n}\n<\/style>\n\t<\/div>\n\n\t\n\n<\/div>\n\n\t\t<\/div>\n\n\t\t\n<style>\n#section_736805936 {\n  padding-top: 30px;\n  padding-bottom: 30px;\n  background-color: rgb(244, 244, 244);\n}\n<\/style>\n\t<\/section>\n\t\n\n\t<section class=\"section dark\" id=\"section_344533894\">\n\t\t<div class=\"section-bg fill\" >\n\t\t\t\t\t\t\t\t\t\n\t\t\t\n\n\t\t<\/div>\n\n\t\t\n\n\t\t<div class=\"section-content relative\">\n\t\t\t\n\n\t<div id=\"gap-1869181254\" class=\"gap-element clearfix\" style=\"display:block; height:auto;\">\n\t\t\n<style>\n#gap-1869181254 {\n  padding-top: 30px;\n}\n<\/style>\n\t<\/div>\n\t\n\n<div class=\"row\"  id=\"row-1414748957\">\n\n\n\t<div id=\"col-1178975588\" class=\"col medium-12 small-12 large-4\"  >\n\t\t\t\t<div class=\"col-inner\"  >\n\t\t\t\n\t\t\t\n\n\t<div class=\"img has-hover x md-x lg-x y md-y lg-y\" id=\"image_1419761875\">\n\t\t\t\t\t\t\t\t<div class=\"img-inner dark\" >\n\t\t\t<img loading=\"lazy\" decoding=\"async\" width=\"842\" height=\"426\" src=\"https:\/\/www.lauriesabrinaburgio.fr\/wp-content\/uploads\/2025\/08\/LOGO_ALTERNATIF_BLANC_OR.png\" class=\"attachment-large size-large\" alt=\"\" srcset=\"https:\/\/www.lauriesabrinaburgio.fr\/wp-content\/uploads\/2025\/08\/LOGO_ALTERNATIF_BLANC_OR.png 842w, https:\/\/www.lauriesabrinaburgio.fr\/wp-content\/uploads\/2025\/08\/LOGO_ALTERNATIF_BLANC_OR-300x152.png 300w, https:\/\/www.lauriesabrinaburgio.fr\/wp-content\/uploads\/2025\/08\/LOGO_ALTERNATIF_BLANC_OR-768x389.png 768w, https:\/\/www.lauriesabrinaburgio.fr\/wp-content\/uploads\/2025\/08\/LOGO_ALTERNATIF_BLANC_OR-510x258.png 510w\" sizes=\"auto, (max-width: 842px) 100vw, 842px\" \/>\t\t\t\t\t\t\n\t\t\t\t\t<\/div>\n\t\t\t\t\t\t\t\t\n<style>\n#image_1419761875 {\n  width: 60%;\n}\n@media (min-width:550px) {\n  #image_1419761875 {\n    width: 30%;\n  }\n}\n@media (min-width:850px) {\n  #image_1419761875 {\n    width: 60%;\n  }\n}\n<\/style>\n\t<\/div>\n\t\n\n\t<div id=\"gap-1192153424\" class=\"gap-element clearfix\" style=\"display:block; height:auto;\">\n\t\t\n<style>\n#gap-1192153424 {\n  padding-top: 10px;\n}\n<\/style>\n\t<\/div>\n\t\n\n<p>1 chemin de la Fontaine de Laurent<\/p>\n<p>13880 Velaux<\/p>\n\n\t\t<\/div>\n\t\t\t\t\t<\/div>\n\n\t\n\n\t<div id=\"col-1420038739\" class=\"col medium-12 small-12 large-8\"  >\n\t\t\t\t<div class=\"col-inner\"  >\n\t\t\t\n\t\t\t\n\n<div class=\"row row-small\"  id=\"row-2083771736\">\n\n\n\t<div id=\"col-2007269994\" class=\"col medium-4 small-12 large-4\"  >\n\t\t\t\t<div class=\"col-inner\"  >\n\t\t\t\n\t\t\t\n\n<h4>Mes accompagnements<\/h4>\n<ul>\n<li class=\"bullet-arrow\"><a href=\"https:\/\/www.lauriesabrinaburgio.fr\/index.php\/pour-les-femmes\/\"><span style=\"font-size: 90%;\">Pour les femmes<\/span><\/a><\/li>\n<li class=\"bullet-arrow\"><a href=\"https:\/\/www.lauriesabrinaburgio.fr\/index.php\/hommes\/\"><span style=\"font-size: 90%;\">Pour les hommes<\/span><\/a><\/li>\n<li class=\"bullet-arrow\"><a href=\"https:\/\/www.lauriesabrinaburgio.fr\/index.php\/enfants\/\"><span style=\"font-size: 90%;\">Pour les enfants<\/span><\/a><\/li>\n<li class=\"bullet-arrow\"><a href=\"https:\/\/www.lauriesabrinaburgio.fr\/index.php\/contraception-symptothermie\/\"><span style=\"font-size: 90%;\">Contraception &amp; symptothermie<\/span><\/a><\/li>\n<\/ul>\n\n\t\t<\/div>\n\t\t\t\t\t<\/div>\n\n\t\n\n\t<div id=\"col-202918984\" class=\"col medium-4 small-12 large-4\"  >\n\t\t\t\t<div class=\"col-inner\"  >\n\t\t\t\n\t\t\t\n\n<h4>Navigation<\/h4>\n<ul>\n<li class=\"bullet-arrow\"><a href=\"https:\/\/www.lauriesabrinaburgio.fr\/index.php\/qui-suis-je\/\"><span style=\"font-size: 90%;\">Qui suis-je ?<\/span><\/a><\/li>\n<li class=\"bullet-arrow\"><a href=\"https:\/\/www.lauriesabrinaburgio.fr\/index.php\/bilan-capilaire\/\"><span style=\"font-size: 90%;\">Bilan capillaire<\/span><\/a><\/li>\n<\/ul>\n\n\t\t<\/div>\n\t\t\t\t\t<\/div>\n\n\t\n\n\t<div id=\"col-80802775\" class=\"col medium-4 small-12 large-4\"  >\n\t\t\t\t<div class=\"col-inner\"  >\n\t\t\t\n\t\t\t\n\n<h4>Contact<\/h4>\n<ul>\n<li class=\"bullet-arrow\">\n<div class=\"icon-box-text last-reset\">\n<p style=\"text-align: left;\"><span style=\"font-size: 90%;\">T\u00e9l\u00e9phone :<\/span><\/p>\n<p style=\"text-align: left;\"><span style=\"font-size: 90%;\">+33 7 72 26 72 21<\/span><\/p>\n<p style=\"text-align: left;\"><span style=\"font-size: 90%;\"><strong>Sur rendez-vous uniquement<\/strong><\/span><\/p>\n<\/div>\n<\/li>\n<li class=\"bullet-arrow\">\n<div class=\"icon-box featured-box icon-box-center text-center\">\n<div class=\"icon-box-text last-reset\">\n<p style=\"text-align: left;\"><span style=\"font-size: 90%;\">Email :<\/span><\/p>\n<p style=\"text-align: left;\"><span style=\"font-size: 90%;\">lauriesabrinaburgio@gmail.com<\/span><\/p>\n<\/div>\n<\/div>\n<\/li>\n<\/ul>\n\n\t\t<\/div>\n\t\t\t\t\t<\/div>\n\n\t\n\n<\/div>\n\n\t\t<\/div>\n\t\t\t\t\t<\/div>\n\n\t\n\n<\/div>\n<div class=\"row\"  id=\"row-840111675\">\n\n\n\t<div id=\"col-1506349328\" class=\"col small-12 large-12\"  >\n\t\t\t\t<div class=\"col-inner\"  >\n\t\t\t\n\t\t\t\n\n<div class=\"is-divider divider clearfix\" style=\"max-width:100%;height:2px;background-color:rgb(255, 255, 255);\"><\/div>\n\n\n\t\t<\/div>\n\t\t\t\t\n<style>\n#col-1506349328 > .col-inner {\n  margin: -30px 0px -30px 0px;\n}\n<\/style>\n\t<\/div>\n\n\t\n\n<\/div>\n<div class=\"row hide-for-small\"  id=\"row-1550185375\">\n\n\n\t<div id=\"col-1167151489\" class=\"col medium-4 small-12 large-4\"  >\n\t\t\t\t<div class=\"col-inner text-left\"  >\n\t\t\t\n\t\t\t\n\n<p>Copyright <strong>@ Laurie Burgio<\/strong><\/p>\n\n\t\t<\/div>\n\t\t\t\t\t<\/div>\n\n\t\n\n<\/div>\n<div class=\"row show-for-small\"  id=\"row-374326480\">\n\n\n\t<div id=\"col-1539908922\" class=\"col small-12 large-12\"  >\n\t\t\t\t<div class=\"col-inner text-center\"  >\n\t\t\t\n\t\t\t\n\n<div class=\"social-icons follow-icons full-width text-center\" ><a href=\"#\" target=\"_blank\" data-label=\"Facebook\" class=\"icon plain tooltip facebook\" title=\"Nous suivre sur Facebook\" aria-label=\"Nous suivre sur Facebook\" rel=\"noopener nofollow\"><i class=\"icon-facebook\" aria-hidden=\"true\"><\/i><\/a><a href=\"#\" target=\"_blank\" data-label=\"Instagram\" class=\"icon plain tooltip instagram\" title=\"Nous suivre sur Instagram\" aria-label=\"Nous suivre sur Instagram\" rel=\"noopener nofollow\"><i class=\"icon-instagram\" aria-hidden=\"true\"><\/i><\/a><a href=\"#\" data-label=\"Twitter\" target=\"_blank\" class=\"icon plain tooltip twitter\" title=\"Nous suivre sur Twitter\" aria-label=\"Nous suivre sur Twitter\" rel=\"noopener nofollow\"><i class=\"icon-twitter\" aria-hidden=\"true\"><\/i><\/a><a href=\"#\" data-label=\"LinkedIn\" target=\"_blank\" class=\"icon plain tooltip linkedin\" title=\"Nous suivre sur LinkedIn\" aria-label=\"Nous suivre sur LinkedIn\" rel=\"noopener nofollow\"><i class=\"icon-linkedin\" aria-hidden=\"true\"><\/i><\/a><\/div>\n\n\t<div id=\"gap-671762814\" class=\"gap-element clearfix\" style=\"display:block; height:auto;\">\n\t\t\n<style>\n#gap-671762814 {\n  padding-top: 10px;\n}\n<\/style>\n\t<\/div>\n\t\n\n<p>\u00a9<br \/>\n 2026 UX Themes<\/p>\n<a class=\"button white is-link is-small\" >\n\t\t<span>Terms<\/span>\n\t<\/a>\n\n\n<a class=\"button white is-link is-small\" >\n\t\t<span>Privacy<\/span>\n\t<\/a>\n\n\n<a class=\"button white is-link is-small\" >\n\t\t<span>Cookies<\/span>\n\t<\/a>\n\n\n\n\t\t<\/div>\n\t\t\t\t\t<\/div>\n\n\t\n\n<\/div>\n\n\t\t<\/div>\n\n\t\t\n<style>\n#section_344533894 {\n  padding-top: 30px;\n  padding-bottom: 30px;\n  background-color: #273647;\n}\n@media (min-width:550px) {\n  #section_344533894 {\n    padding-top: 60px;\n    padding-bottom: 60px;\n  }\n}\n<\/style>\n\t<\/section>\n\t\n\n","protected":false},"excerpt":{"rendered":"","protected":false},"author":1,"featured_media":0,"parent":0,"menu_order":0,"comment_status":"closed","ping_status":"closed","template":"page-blank.php","meta":{"footnotes":""},"class_list":["post-57","page","type-page","status-publish","hentry"],"yoast_head":"<!-- This site is optimized with the Yoast SEO plugin v26.5 - https:\/\/yoast.com\/wordpress\/plugins\/seo\/ -->\n<title>Contact - Laurie Sabrina Burgio<\/title>\n<meta name=\"description\" content=\"Contact %\" \/>\n<meta name=\"robots\" content=\"index, follow, max-snippet:-1, max-image-preview:large, max-video-preview:-1\" \/>\n<link rel=\"canonical\" href=\"https:\/\/www.lauriesabrinaburgio.fr\/index.php\/contact\/\" \/>\n<meta property=\"og:locale\" content=\"fr_FR\" \/>\n<meta property=\"og:type\" content=\"article\" \/>\n<meta property=\"og:title\" content=\"Contact - Laurie Sabrina Burgio\" \/>\n<meta property=\"og:description\" content=\"Contact %\" \/>\n<meta property=\"og:url\" content=\"https:\/\/www.lauriesabrinaburgio.fr\/index.php\/contact\/\" \/>\n<meta property=\"og:site_name\" content=\"Laurie Sabrina Burgio\" \/>\n<meta property=\"article:modified_time\" content=\"2025-11-11T14:59:17+00:00\" \/>\n<meta property=\"og:image\" content=\"https:\/\/www.lauriesabrinaburgio.fr\/wp-content\/uploads\/2025\/08\/LOGO_ALTERNATIF_BLEU_OR.jpg\" \/>\n\t<meta property=\"og:image:width\" content=\"843\" \/>\n\t<meta property=\"og:image:height\" content=\"426\" \/>\n\t<meta property=\"og:image:type\" content=\"image\/jpeg\" \/>\n<meta name=\"twitter:card\" content=\"summary_large_image\" \/>\n<meta name=\"twitter:label1\" content=\"Dur\u00e9e de lecture estim\u00e9e\" \/>\n\t<meta name=\"twitter:data1\" content=\"2 minutes\" \/>\n<script type=\"application\/ld+json\" class=\"yoast-schema-graph\">{\"@context\":\"https:\/\/schema.org\",\"@graph\":[{\"@type\":\"WebPage\",\"@id\":\"https:\/\/www.lauriesabrinaburgio.fr\/index.php\/contact\/\",\"url\":\"https:\/\/www.lauriesabrinaburgio.fr\/index.php\/contact\/\",\"name\":\"Contact - Laurie Sabrina Burgio\",\"isPartOf\":{\"@id\":\"https:\/\/www.lauriesabrinaburgio.fr\/#website\"},\"datePublished\":\"2025-08-12T10:09:05+00:00\",\"dateModified\":\"2025-11-11T14:59:17+00:00\",\"description\":\"Contact %\",\"breadcrumb\":{\"@id\":\"https:\/\/www.lauriesabrinaburgio.fr\/index.php\/contact\/#breadcrumb\"},\"inLanguage\":\"fr-FR\",\"potentialAction\":[{\"@type\":\"ReadAction\",\"target\":[\"https:\/\/www.lauriesabrinaburgio.fr\/index.php\/contact\/\"]}]},{\"@type\":\"BreadcrumbList\",\"@id\":\"https:\/\/www.lauriesabrinaburgio.fr\/index.php\/contact\/#breadcrumb\",\"itemListElement\":[{\"@type\":\"ListItem\",\"position\":1,\"name\":\"Accueil\",\"item\":\"https:\/\/www.lauriesabrinaburgio.fr\/\"},{\"@type\":\"ListItem\",\"position\":2,\"name\":\"Contact\"}]},{\"@type\":\"WebSite\",\"@id\":\"https:\/\/www.lauriesabrinaburgio.fr\/#website\",\"url\":\"https:\/\/www.lauriesabrinaburgio.fr\/\",\"name\":\"Laurie Sabrina Burgio\",\"description\":\"T\u00e9rapeute \u00e9nergie f\u00e9minie\",\"publisher\":{\"@id\":\"https:\/\/www.lauriesabrinaburgio.fr\/#\/schema\/person\/8392effba34872114f6dc49c58140a29\"},\"alternateName\":\"Laurie Sabrina\",\"potentialAction\":[{\"@type\":\"SearchAction\",\"target\":{\"@type\":\"EntryPoint\",\"urlTemplate\":\"https:\/\/www.lauriesabrinaburgio.fr\/?s={search_term_string}\"},\"query-input\":{\"@type\":\"PropertyValueSpecification\",\"valueRequired\":true,\"valueName\":\"search_term_string\"}}],\"inLanguage\":\"fr-FR\"},{\"@type\":[\"Person\",\"Organization\"],\"@id\":\"https:\/\/www.lauriesabrinaburgio.fr\/#\/schema\/person\/8392effba34872114f6dc49c58140a29\",\"name\":\"Laurie Sabrina Burgio\",\"image\":{\"@type\":\"ImageObject\",\"inLanguage\":\"fr-FR\",\"@id\":\"https:\/\/www.lauriesabrinaburgio.fr\/#\/schema\/person\/image\/\",\"url\":\"https:\/\/www.lauriesabrinaburgio.fr\/wp-content\/uploads\/2025\/08\/LOGO_PICTO_BLEU_OR.png\",\"contentUrl\":\"https:\/\/www.lauriesabrinaburgio.fr\/wp-content\/uploads\/2025\/08\/LOGO_PICTO_BLEU_OR.png\",\"width\":843,\"height\":596,\"caption\":\"Laurie Sabrina Burgio\"},\"logo\":{\"@id\":\"https:\/\/www.lauriesabrinaburgio.fr\/#\/schema\/person\/image\/\"},\"sameAs\":[\"http:\/\/www.lauriesabrinaburgio.fr\"]}]}<\/script>\n<!-- \/ Yoast SEO plugin. -->","yoast_head_json":{"title":"Contact - Laurie Sabrina Burgio","description":"Contact %","robots":{"index":"index","follow":"follow","max-snippet":"max-snippet:-1","max-image-preview":"max-image-preview:large","max-video-preview":"max-video-preview:-1"},"canonical":"https:\/\/www.lauriesabrinaburgio.fr\/index.php\/contact\/","og_locale":"fr_FR","og_type":"article","og_title":"Contact - Laurie Sabrina Burgio","og_description":"Contact %","og_url":"https:\/\/www.lauriesabrinaburgio.fr\/index.php\/contact\/","og_site_name":"Laurie Sabrina Burgio","article_modified_time":"2025-11-11T14:59:17+00:00","og_image":[{"width":843,"height":426,"url":"https:\/\/www.lauriesabrinaburgio.fr\/wp-content\/uploads\/2025\/08\/LOGO_ALTERNATIF_BLEU_OR.jpg","type":"image\/jpeg"}],"twitter_card":"summary_large_image","twitter_misc":{"Dur\u00e9e de lecture estim\u00e9e":"2 minutes"},"schema":{"@context":"https:\/\/schema.org","@graph":[{"@type":"WebPage","@id":"https:\/\/www.lauriesabrinaburgio.fr\/index.php\/contact\/","url":"https:\/\/www.lauriesabrinaburgio.fr\/index.php\/contact\/","name":"Contact - Laurie Sabrina Burgio","isPartOf":{"@id":"https:\/\/www.lauriesabrinaburgio.fr\/#website"},"datePublished":"2025-08-12T10:09:05+00:00","dateModified":"2025-11-11T14:59:17+00:00","description":"Contact %","breadcrumb":{"@id":"https:\/\/www.lauriesabrinaburgio.fr\/index.php\/contact\/#breadcrumb"},"inLanguage":"fr-FR","potentialAction":[{"@type":"ReadAction","target":["https:\/\/www.lauriesabrinaburgio.fr\/index.php\/contact\/"]}]},{"@type":"BreadcrumbList","@id":"https:\/\/www.lauriesabrinaburgio.fr\/index.php\/contact\/#breadcrumb","itemListElement":[{"@type":"ListItem","position":1,"name":"Accueil","item":"https:\/\/www.lauriesabrinaburgio.fr\/"},{"@type":"ListItem","position":2,"name":"Contact"}]},{"@type":"WebSite","@id":"https:\/\/www.lauriesabrinaburgio.fr\/#website","url":"https:\/\/www.lauriesabrinaburgio.fr\/","name":"Laurie Sabrina Burgio","description":"T\u00e9rapeute \u00e9nergie f\u00e9minie","publisher":{"@id":"https:\/\/www.lauriesabrinaburgio.fr\/#\/schema\/person\/8392effba34872114f6dc49c58140a29"},"alternateName":"Laurie Sabrina","potentialAction":[{"@type":"SearchAction","target":{"@type":"EntryPoint","urlTemplate":"https:\/\/www.lauriesabrinaburgio.fr\/?s={search_term_string}"},"query-input":{"@type":"PropertyValueSpecification","valueRequired":true,"valueName":"search_term_string"}}],"inLanguage":"fr-FR"},{"@type":["Person","Organization"],"@id":"https:\/\/www.lauriesabrinaburgio.fr\/#\/schema\/person\/8392effba34872114f6dc49c58140a29","name":"Laurie Sabrina Burgio","image":{"@type":"ImageObject","inLanguage":"fr-FR","@id":"https:\/\/www.lauriesabrinaburgio.fr\/#\/schema\/person\/image\/","url":"https:\/\/www.lauriesabrinaburgio.fr\/wp-content\/uploads\/2025\/08\/LOGO_PICTO_BLEU_OR.png","contentUrl":"https:\/\/www.lauriesabrinaburgio.fr\/wp-content\/uploads\/2025\/08\/LOGO_PICTO_BLEU_OR.png","width":843,"height":596,"caption":"Laurie Sabrina Burgio"},"logo":{"@id":"https:\/\/www.lauriesabrinaburgio.fr\/#\/schema\/person\/image\/"},"sameAs":["http:\/\/www.lauriesabrinaburgio.fr"]}]}},"_links":{"self":[{"href":"https:\/\/www.lauriesabrinaburgio.fr\/index.php\/wp-json\/wp\/v2\/pages\/57","targetHints":{"allow":["GET"]}}],"collection":[{"href":"https:\/\/www.lauriesabrinaburgio.fr\/index.php\/wp-json\/wp\/v2\/pages"}],"about":[{"href":"https:\/\/www.lauriesabrinaburgio.fr\/index.php\/wp-json\/wp\/v2\/types\/page"}],"author":[{"embeddable":true,"href":"https:\/\/www.lauriesabrinaburgio.fr\/index.php\/wp-json\/wp\/v2\/users\/1"}],"replies":[{"embeddable":true,"href":"https:\/\/www.lauriesabrinaburgio.fr\/index.php\/wp-json\/wp\/v2\/comments?post=57"}],"version-history":[{"count":24,"href":"https:\/\/www.lauriesabrinaburgio.fr\/index.php\/wp-json\/wp\/v2\/pages\/57\/revisions"}],"predecessor-version":[{"id":512,"href":"https:\/\/www.lauriesabrinaburgio.fr\/index.php\/wp-json\/wp\/v2\/pages\/57\/revisions\/512"}],"wp:attachment":[{"href":"https:\/\/www.lauriesabrinaburgio.fr\/index.php\/wp-json\/wp\/v2\/media?parent=57"}],"curies":[{"name":"wp","href":"https:\/\/api.w.org\/{rel}","templated":true}]}}